ppose -s - 3*w = -5*w + u, 5*s = 2*w - 5. What is r(s)?
7
Let g(v) = v + 4. Let w(i) = 1 + 7*i - 2*i - 4*i. Let r be w(3). Determine g(r).
8
Let h(a) = -3*a + 1. Let b(n) = -n**2 + 6*n + 10. Let z be b(7). Calculate h(z).
-8
Let y(f) = f**3 - 6*f**2 + 5*f - 6. Let k(c) = 2*c**2 - 4*c - 1. Let h be (-6)/(2*(3 - 4)). Let j be k(h). What is y(j)?
-6
Let g(a) = 6*a + 1. Let p = 40 + -41. Calculate g(p).
-5
Let m(v) = v + 6. Let y be -2 - (-1)/((-2)/22). Let t be 1/1*-1*18. Let u = t - y. What is m(u)?
1
Suppose 2 = -5*k + 22. Suppose 2*u + 2*n = 0, k*u - 6 = -n - 0. Let r be -1 + (u - 1 - -6). Let s(h) = h**3 - 6*h**2 + 6. Calculate s(r).
6
Let z(o) = 8*o**3 + 20*o**2 + 3*o - 17. Let y(w) = -3*w**3 - 7*w**2 - w + 6. Let p(b) = 11*y(b) + 4*z(b). Suppose -t + 6 = t. Calculate p(t).
1
Let r(k) = 2*k + 6. Suppose 0 = -0*s + 3*s + 12. Calculate r(s).
-2
Let b(d) = d**3 - 5*d**2 + 4*d - 4. Let u(a) = -a**3 + 5*a**2 - 3*a. Let y = -9 + 13. Let f be u(y). Determine b(f).
-4
Let t(r) be the third derivative of r**4/12 - r**3/3 + 9*r**2. Determine t(-5).
-12
Let x(s) = -s**2 + 9*s - 3. Let g be x(8). Let j(h) = h + g - 9 + h**2 + 0. What is j(-4)?
8
Let t(q) = -10*q + 23 - 32 + 9*q. Calculate t(-8).
-1
Suppose -3*j = -4*r + 1 - 23, -3*j + r + 19 = 0. Let t = j + -6. Let b(o) be the second derivative of -o**5/20 + o**4/12 - o**3/6 - 3*o**2 - o. What is b(t)?
-6
Let x(c) be the second derivative of c**5/20 - c**4/4 + 3*c**2/2 + c. Let d be 2 + 3 - 1*-1. Let v = 9 - d. Calculate x(v).
3
Let y = 8 + -8. Let j(l) be the third derivative of y*l + 0 + 1/24*l**4 - l**2 + 1/3*l**3. Calculate j(2).
4
Let c(j) be the third derivative of -j**5/60 - j**4/3 - j**3/3 + 3*j**2. Calculate c(-8).
-2
Let o(v) be the second derivative of v**3/6 + 4*v**2 + 27*v. Determine o(-6).
2
Let y(n) be the third derivative of -n**2 - 1/60*n**5 + 1/2*n**3 + 0*n + 0 + 1/12*n**4. Suppose 0 = 2*m + v - 5, -7*v + 2*v - 15 = 0. What is y(m)?
-5
Suppose -4*g = -7*g + 6. Let p(s) = -1 - s + 4*s - g*s. Let j(l) = l**3 - 4*l**2 - 5*l + 4. Let x be j(5). Calculate p(x).
3
Let p be (12/8)/(3/4). Let r be (2/(p/(-3)))/1. Let n(j) = 3*j**2 - 6*j - 6. Let a(o) = -7*o**2 + 13*o + 13. Let m(c) = -4*a(c) - 9*n(c). Calculate m(r).
5
Let u(i) = 3*i**2 + 5*i - 6. Let l(g) = 5*g**2 + 9*g - 11. Let o(v) = -4*l(v) + 7*u(v). Give o(4).
14
Let r(u) = -2*u + 4. Let h = 3 + -1. Let z be h/(-1) - (-1 - 6). Calculate r(z).
-6
Suppose -5*f - 16 = 9. Let j(l) = -l**3 + 2*l**3 + l - 1 + 8*l**2 - 4*l**2 - 5*l. Calculate j(f).
-6
Let a = 2 + 3. Let h(r) = -r + 2*r + a*r. Suppose -u - 2 = -3. Give h(u).
6
Let g(a) = a**2 + 6*a + 6. Let h be g(-4). Let w be (0 + 7/h)*2. Let o = w + 5. Let p(l) = -2*l**2 - l + 2. Determine p(o).
-4
Let j be (1/2)/(1/(-2)). Let o = 0 - j. Let h(r) = -7*r**3 + 4*r**2 + r. Let i(k) = k**3 - k**2. Let m(d) = -h(d) - 5*i(d). Determine m(o).
2
Let z(l) = l**2 - 2*l - 1. Let h(s) = -2*s + 3*s + 3*s. Let r be h(1). Let v = r + -2. Give z(v).
-1
Let k be (567/(-39))/(-3) - (-4)/26. Let g(w) be the third derivative of 0*w + 1/6*w**4 + 1/15*w**k - w**2 - 1/120*w**6 + 2/3*w**3 + 0. Determine g(5).
-1
Let n = 0 - -6. Let p(x) = -x**3 + 6*x**2 + 2*x - 7. Calculate p(n).
5
Let r(i) = -3*i + 35. Let k(w) = w - 12. Let a(u) = -17*k(u) - 6*r(u). Calculate a(9).
3
Suppose 4*x - 5*p - 6 = x, -4*p = -x + 2. Suppose -2*a = -l + 4, -2*l - 12 = 5*a - x. Let o(m) = 2*m - 1 - 4*m - 7*m**2 + l. Give o(-1).
-6
Let f(p) be the first derivative of -9*p**4/2 + 2*p**3/3 - p**2/2 + 15. Determine f(1).
-17
Let p(c) = -8*c**3 + c**2 - 1. Suppose -70 = -9*w + 4*w. Let y = w + -13. Give p(y).
-8
Let b(j) = 12*j - 55 + 51 - 2*j**3 + 7*j**2 + j**3. What is b(8)?
28
Let l(i) be the third derivative of i**4/24 + i**3/6 + 5*i**2. Let k(o) = -4*o - 3. Let n(p) = -k(p) - 6*l(p). Calculate n(-3).
3
Suppose -2*r + 1 + 3 = 0. Let u(p) = -4*p**2 + p + 1. What is u(r)?
-13
Let x(p) = p - 66 - 66 + 134. Determine x(4).
6
Let u(p) = -3*p + 5. Let c(f) = -f + 2. Let t(r) = 6*c(r) - 3*u(r). Calculate t(7).
18
Let i(a) = -2*a - 2. Let s(j) = j + 1. Let r(f) = -6*i(f) - 13*s(f). Let b = -1 - -4. Give r(b).
-4
Let r = 10 + -7. Let u(w) = r - 1 + w**3 - 5 + 4*w**2 + 3*w. Calculate u(-3).
-3
Let j(w) = -2*w + 2. Let z = -1 + 4. Suppose z*l = 4*n, 1 = -0*l + 4*l - 5*n. Give j(l).
-6
Let m be ((-12)/(-16))/(2/8). Let j(v) = 2*v - 4*v + 0*v + 3 - 3*v. Determine j(m).
-12
Let j(u) be the first derivative of -7*u**3/3 + u - 14. Calculate j(-1).
-6
Let g(a) = a**2 - 5*a + 5. Let p be (-36)/90 + (-54)/(-10). Determine g(p).
5
Let a(s) be the second derivative of -s**5/20 - s**4/2 - 7*s**3/6 + s**2/2 - 3*s. Calculate a(-5).
11
Let l(s) be the first derivative of -3*s**2/2 - s - 5. Calculate l(-4).
11
Suppose 0*c = c. Suppose c = -0*j - j - 8. Let y = -5 - j. Let h(v) = v**3 - 2*v**2 - 3*v. Determine h(y).
0
Let v(l) be the first derivative of l**2 + 9*l + 30. Give v(-6).
-3
Let d(w) = w + 1. Let i = 63 + -64. Calculate d(i).
0
Let w(c) = c**3 + 3*c**2 - 2*c + 2. Let r(m) = -m**3 - 3*m**2 + 2*m - 1. Let p(d) = 4*r(d) + 3*w(d). Give p(-3).
-4
Let l = 1 - -1. Let o(q) = -4*q + q + 4*q + 0*q**2 - l*q**2. Calculate o(1).
-1
Let r(v) = -v + 1. Let b be (2 - 0)*(-5)/(-5). Suppose 0 = -5*p + z - 6*z + 20, 5*z - 5 = -2*p. Let s be (p - 0)*(-3 + b). What is r(s)?
6
Let m(d) = 4*d**3 + 5*d - 11. Let p(h) = 3*h**3 - h**2 + 4*h - 10. Let a(j) = 4*m(j) - 5*p(j). Let u be (-14)/(-168) + (-122)/24. What is a(u)?
6
Let g(f) = f - 2. Let s(w) = -1. Let h(n) = -2*g(n) + 3*s(n). Give h(6).
-11
Suppose 4*t = -4*o, 4*o + 3*t - 2 + 0 = 0. Suppose -r - 9 = -2*z, -r + 3*z = o + 4. Let u = 11 + r. Let j(p) = -p + 2. Give j(u).
6
Let t = 0 - -4. Suppose 0 = z - t*z + 6. Let y(b) = b**3 - 1. Determine y(z).
7
Let x(s) = s**3 - 5*s**2 + 6*s - 4. Let a(n) = -n + 19. Let m be a(9). Suppose 0*l = 5*l - t + 48, -10 = 5*t. Let z be ((-12)/m)/(3/l). Determine x(z).
4
Let x(k) = -k**3 + 10*k**2 - 1. Let j be x(10). Let g be (-1)/(0 + j/23). Suppose -5*v + 2 = -g. Let p(m) = m - 3. What is p(v)?
2
Let z(h) = h**3 + 4*h**2 - 4*h - 3. Suppose -5 = 2*j + s + 5, -3*j + s = 15. Calculate z(j).
-8
Let k(y) be the third derivative of -y**5/20 - y**4/8 - y**3/3 + 14*y**2. Determine k(-2).
-8
Let p(q) = 4*q - 4 + 1 - 1 - 5*q. What is p(-10)?
6
Let q(z) = 3 + 2*z**2 - z**2 - 3 - 3 + 6*z. Calculate q(-7).
4
Let y = 48 + -55. Let o(s) = -s - 4. Determine o(y).
3
Let v = -11 - -5. Let f be -2 + v - 0/(-3). Let u = f + 9. Let g(i) = i**3 - i**2 - i + 1. Give g(u).
0
Let t(j) = 7*j**2 - 17*j + 15. Let a(f) = -3*f**2 + 8*f - 7. Let b(y) = -13*a(y) - 6*t(y). Give b(-2).
-7
Let b(i) = -2*i - 3. Let v be b(-4). Let g(t) = 2*t - 4. Let x be g(v). Let y(w) = -5*w + 3*w + x + 3*w. Calculate y(0).
6
Let d(l) be the first derivative of -7*l**4/4 + l**3/3 + l**2/2 + l + 17. Let c(x) = -x**2 + 2*x - 1. Let f be c(2). Determine d(f).
8
Let f(x) = -x. Let t be (-4)/12 - (-10)/(-6). Let q = t - 3. Determine f(q).
5
Let x be -3 + 2/((-4)/(-2)). Suppose 0 - 8 = -4*j. Let o(a) = a - 3 + j + 3. What is o(x)?
0
Let q(l) = -l**2 - 628*l**3 - l + 609*l**3 - l**2. Calculate q(-1).
18
Let y(p) be the first derivative of -p**3/3 - 2*p - 2. Let h = -3 + 3. Suppose h = 3*n - n. Give y(n).
-2
Let i = -109/3 + 38. Let s(p) be the first derivative of i*p**3 + 3*p + 0*p**2 - 3 + 1/4*p**4. Calculate s(-5).
3
Let j(g) = 11*g**3 - 14*g**2 + 5*g + 2. Let r(l) = 5*l**3 - 7*l**2 + 3*l + 1. Let w(u) = -4*j(u) + 9*r(u). Determine w(5).
-14
Let o(h) = -h - 3. Let y be o(-5). Let v(g) = -2 + 0*g**2 + 6*g - g**y + 1 - 5. What is v(5)?
-1
Let o(t) be the third derivative of t**6/120 + t**5/60 + t**4/24 + 5*t**3/6 - 14*t**2. Let p = 2 - 1. Let d = 1 - p. Determine o(d).
5
Let g(d) be the third derivative of d**5/60 + d**4/24 - d**3/3 - 8*d**2. Let z(v) = -v + 10. Let j be z(7). Suppose x - 2*x = h, j*h - 3*x + 18 = 0. Give g(h).
4
Let j(p) be the first derivative of p**3/3 + 3*p**2/2 + 3*p - 8. Determine j(-5).
13
Let b(v) = -3*v**3 - 13*v**2 + 13*v - 7. Let p(z) = z**3 + 4*z**2 - 4*z + 2. Let t(c) = 2*b(c) + 7*p(c). Give t(-3).
-3
Let p(s) be the second derivative of -11/2*s**2 + 0 - 8*s - 1/6*s**3. Let m(i) = -i**2 + 2*i - 1. Let f be m(1). Calculate p(f).
-11
Let m(n) = -4*n + 4. Let d(z) = -5*z + 5. Let h(x) = -3*d(x) + 4*m(x). Suppose g = 